 - 10) - -8. Suppose g*b - 687 = f, -4*f = b + 3*b - 692. What are the prime factors of b?
2, 43
Let r = 39 + -34. Suppose 3*m - 180 = -5*n, r*n + 2*m - 89 = 86. List the prime factors of n.
3, 11
Let g(u) = 2*u**3 - 8*u**2 + 4*u. Let n be g(5). Suppose -n = 4*k + k. What are the prime factors of (-147)/k - 1/2?
2, 5
Let y be (-18)/(-1) + 8 + -7. Let j(p) = -36*p**3 - 18*p - 7*p**3 + y*p. What are the prime factors of j(-1)?
2, 3, 7
Let h = 709 - 309. What are the prime factors of h?
2, 5
Let j be ((-4)/(-18)*-3)/((-8)/36). Suppose -5*i = j*i - 256. List the prime factors of i.
2
Suppose 2*s = -4*d - 2*s - 104, 5*s - 52 = 2*d. Suppose 81 = -3*t + 210. Let j = d + t. List the prime factors of j.
17
Let o(f) = -113*f - 690. List the prime factors of o(-9).
3, 109
Let x(k) = -k**3 + k**2 - 8*k - 8. Let w be x(-7). Suppose w = 3*y + 2*y. Let m = 132 - y. What are the prime factors of m?
2, 11
Let w(o) be the third derivative of o**6/120 - o**5/15 - 11*o**4/24 + 4*o**3/3 - 22*o**2. List the prime factors of w(7).
2, 3, 13
Let l = 4 - 3. Suppose 0 = -4*v + w + 284, 2*v + 5*w - 141 = l. List the prime factors of v.
71
Let o(j) = j**3 + 4*j**2 + 4*j + 2. Let d be o(-1). List the prime factors of -28 + 278 + (d - -1 - 3).
3, 83
What are the prime factors of 4*((-473)/(-4) + -4)?
457
Let r be 36*(-3 - -1)/4. Suppose 0 = -5*t - 15, -2 = 4*v + 3*t + 55. List the prime factors of 56/v*r/7.
2, 3
Suppose 0 = 3*f - 6 - 9. Let j(o) = f - 7*o**2 + 2*o**3 - 4*o**3 + 3*o**3 + 5*o - o. What are the prime factors of j(7)?
3, 11
Let h(l) be the first derivative of 4*l**3/3 - 2*l**2 + 2*l - 295. Suppose -2*d - 17 = -3*o, -d - 1 = -3*o + 4*o. List the prime factors of h(o).
2, 13
Let q = 455 - -1928. List the prime factors of q.
2383
Let x = 1398 - 992. Let u = x - 258. What are the prime factors of u?
2, 37
Suppose 4*d + 0*d - 120 = 0. List the prime factors of d/8*(-100)/(-15).
5
Suppose 4*h = 5*h + 1. Let p = h - -6. List the prime factors of p.
5
Let x be 10/(-15)*-3 - -2. Suppose -x*h + 185 = 61. List the prime factors of h.
31
What are the prime factors of (-1 - -1285)*4/8?
2, 3, 107
Suppose -7*v = -3*v + 4*x - 1100, 0 = 2*v + x - 546. What are the prime factors of v?
271
Let v(w) = 2*w**2 + w**2 - 13 - 13*w - 4*w**2. List the prime factors of v(-9).
23
Suppose 10 = -n - 58. Let m = n + 115. What are the prime factors of m?
47
Let x = -360 + 177. Let r = x - -341. Let m = r + -88. What are the prime factors of m?
2, 5, 7
Suppose -5*o - 3*p + 4455 = 0, 5*o - 12*p + 13*p = 4455. What are the prime factors of o?
3, 11
Let u be -2 + 9 - (-10)/(-5). Let w be 6/18 + u/3. Suppose s = b, w*s + 4*b = 4*s + 4. List the prime factors of s.
2
Let g = -376 + 592. What are the prime factors of g?
2, 3
Let m(o) = -147*o + 3. Let z be m(2). Let k be 12/(-16) + z/(-4). Suppose -72 = -4*q + k. List the prime factors of q.
2, 3
Let j = -52 + 37. Let p = 24 + j. What are the prime factors of p?
3
Let r be -8*(-4 + 3) - 0. Let k(j) = -j**3 + 9*j**2 - j + 3. List the prime factors of k(r).
59
Suppose 21*s - 21838 - 8360 = 0. What are the prime factors of s?
2, 719
Let c = -18 - -17. Let b be 14/c*(4 + -5). Let y = 16 + b. List the prime factors of y.
2, 3, 5
Let f(s) = 2*s**2 - 53*s - 75. What are the prime factors of f(35)?
2, 5, 13
Let o = 5669 - 2866. List the prime factors of o.
2803
Let q be 7*7/98*(5 - 1). Suppose 4*r - 279 - 1 = -3*b, -q*r - 4*b = -130. List the prime factors of r.
73
List the prime factors of -1484*(-8 - 3 - -9).
2, 7, 53
Suppose 3*d + b + 3 = 20, -4*b + 33 = 5*d. Suppose -4*y + 5*t + 277 = -0*y, 5*t = d*y - 340. What are the prime factors of y?
3, 7
Let l = -80 - -129. Suppose 0 = -3*x + 169 - l. List the prime factors of x.
2, 5
Let i = -307 - -477. What are the prime factors of i?
2, 5, 17
Let k be 7147/(-28) + 2/8. What are the prime factors of (1 + 0/3)/((-3)/k)?
5, 17
Let o(f) = f**2 + 12*f + 14. Let m be o(-11). Suppose -3*t = -2*t + m. Let v = t - -22. List the prime factors of v.
19
Let j = 44 - 38. Suppose j*z - 112 = -z. List the prime factors of z.
2
List the prime factors of ((-2)/(-4) - (-33)/(-18))*-186.
2, 31
Suppose 2*l = 13 + 1. Suppose 5*s = l + 3. What are the prime factors of -16*(-6 + (5 - s))?
2, 3
Let h(v) = 4*v + 36. List the prime factors of h(-8).
2
Let o(q) = -8*q - 151. Let y be o(-28). Suppose -m = -2*x - 4 + 13, -x + 3*m = -12. Suppose 4*f - y = x. List the prime factors of f.
19
Let z = 6110 + -3691. List the prime factors of z.
41, 59
What are the prime factors of -3 - ((-1326)/(-136))/(3/(-184))?
5, 7, 17
Suppose -8*z + 18 = -6*z. Suppose z*k - 13*k + 40 = 0. Suppose 3*b - 11 = k. What are the prime factors of b?
7
Suppose 0*x - 228 = -3*y - 3*x, -y + 64 = 4*x. Let w be -3*(4 - 5) - y. Let u = w - -111. List the prime factors of u.
2, 17
Let r(k) = 3*k**2 + k**2 + 3 - k**2 + 4*k - k**2. Let g be r(-2). Suppose 31 = 5*j - j + 3*f, -g*f = 5*j - 35. What are the prime factors of j?
2
Suppose 0 = -6*j + 64 - 16. Suppose 0*c = -j*c + 48. Let h = c + 1. List the prime factors of h.
7
Suppose 88*q + 5463 = 97*q. List the prime factors of q.
607
Let l be 48/60 + (-58)/10. Let x(u) = 4*u**2 + 6*u + 7. List the prime factors of x(l).
7, 11
Let x = -8 - -11. Let o be -2 - x - -3 - -3. Suppose -51 = -2*v - o. List the prime factors of v.
5
Let z(m) = m**3 + 4*m**2 + m - 3. Let n be z(-3). Let q be (-34)/(-51) - (-11)/(-3). What are the prime factors of n/(-3)*-1 - q?
2
Let m = -610 - -1237. What are the prime factors of m?
3, 11, 19
Let p = -322 - -457. Let o be (-148)/(-10)*(0 + -5). Let k = p + o. What are the prime factors of k?
61
Suppose 12*k = 8*k - 664. Let c = 437 + k. What are the prime factors of c?
271
Suppose 0 = 8*c - 9193 + 337. List the prime factors of c.
3, 41
Let k(x) = x**2 - 12*x - 20. Let l be k(14). Suppose 0 = l*b - 10*b + 156. What are the prime factors of b?
2, 3, 13
Suppose -2*q = -100*f + 98*f + 794, f = -5*q + 397. List the prime factors of f.
397
Let c = -24 + 60. What are the prime factors of c?
2, 3
Let u = 26 - 16. Suppose 5*q = u + 50. Suppose q = 3*f - f. List the prime factors of f.
2, 3
Suppose 0 = -a + 4*j - 37, -2*j = a + j + 16. Let i(c) = 2*c**2 - 3. Let t be i(5). Let u = t + a. What are the prime factors of u?
2, 11
Let b = 34 + -32. Let u(y) = y**2 + 4*y + 1. Let l be u(-4). What are the prime factors of l - (-2)/b - -1?
3
Suppose 2*v = 3*k + 4375, 5*k = -v + 1426 + 794. What are the prime factors of v?
5, 439
Let f(v) = v + 1. Let q(g) = -9*g - 7. Let m(d) = 2*f(d) - q(d). List the prime factors of m(6).
3, 5
Suppose 0 = -2*n - k + 2107, 2*k + 1847 = 3*n - 1303. List the prime factors of n.
2, 263
List the prime factors of 4713/5 + 72/(-20) + 5.
2, 59
Let s be (-2770)/(-70) + 6/14. Suppose -o - s = -i + 66, -5*o + 5 = 0. List the prime factors of i.
107
Let n = 866 - 406. What are the prime factors of n?
2, 5, 23
Let u(y) = 374*y - 73. List the prime factors of u(5).
3, 599
Let t = -241 - -368. Suppose 0 = t*i - 122*i - 1455. What are the prime factors of i?
3, 97
Suppose 5*z + d - 333 = 0, -2*z + 3*d = 16 - 139. Suppose -7*c + 4*c = -z. List the prime factors of c.
2, 11
Suppose 0 = 11*s - 8*s - 9. Let c(d) = 2*d**3 - d**3 + s*d - 7*d**2 + 3*d**2. What are the prime factors of c(4)?
2, 3
Suppose 5*t - 3*f = 1384, -t + 844 = 2*t + 5*f. Suppose -3*k = 4*z - 177, 3*z - t = -5*k + 2*z. What are the prime factors of k?
5, 11
Let y(h) = -4*h - 19. Let d(i) = 5*i + 20. Let l(z) = 3*d(z) + 4*y(z). Let r be l(-11). Let s(t) = -t**3 - 5*t**2 - t - 1. What are the prime factors of s(r)?
2
Suppose h + 2*g - 10 = 0, 4*h = 3*g + 30 - 12. Let w(s) = -s**2 + 6*s - 4. Let t be w(h). What are the prime factors of (-27)/t + 3/(-4)?
2, 3
Let f(n) = n**3 - 19*n**2 - 3*n + 32. What are the prime factors of f(20)?
2, 3, 31
Suppose z - 9*z = -1544. Suppose 5*q + k + z = 6*q, -2*k + 6 = 0. List the prime factors of q.
2, 7
Let t = -413 - -1408. What are the prime factors of t?
5, 199
Suppose -2*m - m = -12. Suppose -w - 861 = -m*w. List the prime factors of w.
7, 41
Let t be 3 + (-1)/(4/(-172)). Suppose -230 = 5*v + 3*n - n, n + t = -v. Let r = v + 70. List the prime factors of r.
2, 3
Let r(g) = g**3 - 10*g**2 - 4*g + 15. Let q be r(10). List the prime factors of q*2/20*-6.
3, 5
Let u(m) = m**2 - 10*m + 10. Let 